 + -2). Let r(y) be the second derivative of y**5/20 - 2*y**4/3 + 2*y**3/3 + 9*y**2/2 - 128*y - 35. Give r(u).
-12
Let j = -14257 + 14285. Let b(k) be the first derivative of -7/2*k**2 - 4*k - 1/3*k**3 + j. What is b(-5)?
6
Let z(h) = -h**2 - 10*h + 1. Let j be (4/10 - 36/(-10)) + -2. Let f(t) = -8*t - t**j - 3 - 16 + t. Let q be f(-3). Give z(q).
22
Let g(i) = i - 9. Let t be (-12)/(-18)*9/2. Suppose t*b - 9*b = -7*b. Determine g(b).
-9
Let c(f) = 11*f - 3. Suppose 3*n + b = 8*n - 27, 5*b - 27 = -2*n. Let t be (3/(-9))/((-1)/n). What is c(t)?
19
Suppose 3 - 5 = k - 2*v, -2*v = -2*k - 2. Let r(x) be the second derivative of x**5/20 - 2*x**2 - 516*x. Calculate r(k).
-4
Suppose 11*u = -4*u + 165. Suppose -10 - u = 7*c. Let o(m) = -m**2 - 3*m + 1. Give o(c).
1
Let f(s) = 12 + 13*s + 0*s + 18*s - 38*s + 9*s. Suppose -17 - 23 = 5*o. Give f(o).
-4
Let a(i) be the third derivative of i**6/60 - 3*i**4/8 - 7*i**3/6 + 2*i**2 - 564*i. Give a(-2).
-5
Let s(z) = -17*z**2 - 5*z - 2. Suppose 610*n + 19 = 591*n. Calculate s(n).
-14
Let x(q) be the second derivative of q**3 + 43*q**2 - 33*q - 11. Determine x(-17).
-16
Let g(a) be the third derivative of 0 - 1/24*a**4 + 0*a - a**3 + 28*a**2. Let o = -47 + 47. Calculate g(o).
-6
Let x(i) = -i**2 + 5*i - 2. Suppose 6*w - w - 40 = -5*v, 10 = -w + 5*v. Suppose 3*f = 2*f. Suppose f = 2*q - w - 5. What is x(q)?
-2
Let x(t) = -t**3 - 6*t**2 - 8*t - 4. Suppose -3*a + 2*v - 26 = 0, -4*a - 2*v - 54 = a. Let n be (64/160)/(2/a) + -3. Determine x(n).
11
Let w(d) = 46*d - 165. Let g(p) = 13*p + 1. Let s(u) = 4*g(u) - w(u). Determine s(-29).
-5
Let j = -3 + 3. Suppose j = -37*b + 27*b - 40. Let i(l) = 3*l - 1. Determine i(b).
-13
Let y(q) be the first derivative of 1/2*q**2 - 23 - 2*q. Suppose c = -0*c + 1. Determine y(c).
-1
Let f(p) = p**2 - p - 4. Let o be f(4). Let g(d) = 6*d - d - 4*d + o. Let m(w) = -26*w**2 - 209*w - 15. Let i be m(-8). What is g(i)?
1
Let y(k) be the first derivative of -5*k**2/2 - 14*k + 12. Let r be y(-3). Let n be 12 + -18 + (4/2)/r. Let b(o) = o**3 + 3*o**2 - 4*o - 3. Calculate b(n).
-3
Suppose 526*c - 519*c - 84 = 0. Suppose -q - c = 3*q. Let x(s) = 2*s + 9. Calculate x(q).
3
Let n = 5 - -1. Let q(s) be the first derivative of -22 - 2*s**2 + 7/3*s**3 - 1/4*s**4 + 3*s. Determine q(n).
15
Let b(c) = 19*c**2 - c. Suppose 49 - 46 = 3*a. Suppose 6*k - a = 7*k. Give b(k).
20
Let n(o) be the first derivative of 0*o - 8/3*o**3 + 45 + 0*o**2. Calculate n(-1).
-8
Let c(k) = -6 - 10*k + 9*k**2 - 2635*k**3 + 2634*k**3 - 13 + 1. What is c(7)?
10
Let x(p) = -4*p**3 + 84*p**2 - 22*p - 11. Let i(k) = -k**3 + 23*k**2 - 6*k - 3. Let d(s) = 22*i(s) - 6*x(s). Calculate d(-2).
-8
Let g(p) = -p**3 + 13*p**2 + 12*p + 34. Suppose 0 = -3*n + 2*f + 122 - 72, f = -4. Determine g(n).
6
Let o(f) be the first derivative of -25 - 1/3*f**3 + 3*f - 5/2*f**2. Let g(x) = -x**3 + x + 1. Let y be g(2). Give o(y).
3
Let n(m) = -2*m**2 + 5*m + 3*m**2 - 15*m - 10. Let r(j) = -36*j + 118. Let t be (-1 - -2)*(-1)/((-3)/9). Let a be r(t). What is n(a)?
-10
Let f(g) = 42*g - 373. Let d(b) = b + 63. Let l(s) = 6*d(s) + f(s). Calculate l(0).
5
Let q be 20 + (3 - -2)/5. Let m(v) = 2*v + 17*v**2 + 4*v + 4 - q*v**2 + 2*v**2. What is m(6)?
-32
Let o(s) = 10*s**3 - 4*s**2 - 42*s - 12. Let z(j) = -7*j**3 + 3*j**2 + 33*j + 9. Let l(h) = 7*o(h) + 9*z(h). Give l(1).
6
Suppose 3*o = 3*z + 37 + 14, -2*o + 14 = 3*z. Let m(p) = -5*p + 22. Determine m(o).
-43
Let j(l) = -l**2 - 2*l + 2. Let i(f) = 35*f + 4. Let v(n) = n**2 + 6*n + 3. Let c be v(-5). Let d be i(c). Let y be (-20)/(-11) - 12/d. Determine j(y).
-6
Let t(o) be the first derivative of 4/3*o**3 - 3*o + 1/4*o**4 - 2*o**2 + 165. Give t(-4).
13
Suppose 5*f - 35 = 12*f. Let m(q) = 1 + q - 139*q**2 + 138*q**2 - 7*q. Calculate m(f).
6
Let b(k) be the second derivative of -k**5/20 + k**4/4 + k**3/2 + k**2/2 - 516*k. Let g = 8 + 1. Suppose x - 6 = -3*v - 0, v = -4*x - g. What is b(v)?
10
Let j(p) = 10*p**2 + 59*p - 5. Suppose -21*d + 16*d = x + 24, -4*d - 2*x = 12. What is j(d)?
1
Let u(w) = 69 + 5*w**2 - 2439*w + 2 + 2252*w. Give u(37).
-3
Let t be 24510/9030 - ((-24)/(-14) + -2). Let y(n) be the first derivative of 3*n**2/2 - n - 1. What is y(t)?
8
Let p(m) be the first derivative of m**4/4 - 5*m**3/3 - 3*m**2/2 - m - 46667. Let d be 14/3 - (-1)/3. What is p(d)?
-16
Let q(h) = -6*h**3 - 8*h**2 - 6*h - 12. Let d(u) = -468*u**2 - 7*u**3 - 18 + 4 - 7*u + 457*u**2. Let v(y) = 5*d(y) - 6*q(y). What is v(7)?
9
Let n(h) = h**2 + 4*h + 26. Suppose -9*d + 39 = 3*y, 83*d = 5*y + 88*d + 5. What is n(y)?
58
Let m = -816 + 829. Suppose -54 = -m*d + 4*d. Let o(l) = 1 + 1 - l + 2. What is o(d)?
-2
Suppose 3*t + 4 = 19. Suppose 3 = -3*i + 5*i + t*w, -3*i + 47 = -w. Suppose 4*p + 3*a - a = -i, -5*p - 2*a - 16 = 0. Let k(x) = x - 2. Determine k(p).
-4
Suppose 5*q - 68 = 3*q. Suppose -5*v + 1 + q = 0. Let u(x) = -x**3 - x**2 + x. Let t(c) = 5*c**3 + 12*c**2 + c - 6. Let a(k) = t(k) + 6*u(k). What is a(v)?
-6
Let i be 784/224 + (-6)/(-4). Let a(n) = 6*n**2 + 4*n - 1 - n - 4*n - n**3 - 4*n. Calculate a(i).
-1
Let y(m) = -46*m + 3*m**2 - 2*m**2 + 38*m + 32*m + 40. What is y(-18)?
-68
Suppose 279*u - 1746 = -12*u. Let g(d) = -58*d + 345. What is g(u)?
-3
Suppose 4743 = -1403*n - 7884. Let a(k) = -k - 13. Let c(i) = 6 + 6 + 2*i - i. Let u(f) = 5*a(f) + 6*c(f). What is u(n)?
-2
Let t(g) = -g**3 + 6*g**2 - 3*g - 3. Let v = -48 - -48. Suppose v = -11*h + 3*h. Let p be -6*(h + -1 - -3 - 3). What is t(p)?
-21
Let n be (10/1)/(8 + -6). Let d(b) be the third derivative of b**3 + 0*b + 0 - 1/24*b**4 + 10*b**2. Determine d(n).
1
Let k(f) be the second derivative of -f**4/12 - 2*f**3 + 17*f**2/2 + 774*f. What is k(-13)?
4
Let f(u) = 12*u + 53. Let d be 260/26 - (16 + -2). Calculate f(d).
5
Suppose 8*c = -3*c. Let z(w) = w**2 - w - 5. Let f be z(c). Let s(u) = -u**2 - 5*u - 1. Determine s(f).
-1
Suppose 14*c - 8 = 13*c. Let o = c + -4. Let q(r) = -5*r + r**2 + 11*r - 5 - 10*r. Calculate q(o).
-5
Let r = -9 - -13. Let j(f) = 4 - 3*f + 5*f + r + 4. What is j(-11)?
-10
Suppose 6*t - 4 = -4. Suppose -4*f + 6 = 2*h, -2*f + t*f - 2 = 2*h. Suppose 20 = -g - f*q, 3*g = 5*q + 12 - 4. Let w(x) = x**2 + 4*x + 5. Determine w(g).
5
Let v = 6437 + -6447. Let i(l) = -l**3 - 9*l**2 + 4*l - 62. What is i(v)?
-2
Let r(t) = -109*t + 199*t + 26 - 117*t + 1. Let g be r(1). Let x(m) = -m**3 - m**2 + 1. What is x(g)?
1
Let z(i) = -3 + 0 + 5*i - 2*i. Suppose -29*c + 34*c - 90 = 0. Let y = c + -16. What is z(y)?
3
Suppose 2*i = 5*q + 3*i - 15, -3*i + 21 = 3*q. Let g(z) = z + 4*z**2 - 4*z**2 + z**q + 0*z**2. Let s(m) = -m**2 - 12*m - 26. Let d be s(-3). Calculate g(d).
2
Let p(o) be the third derivative of o**4/12 - o**3/6 + 16*o**2 + 3*o. Suppose -7*v + 6 = -5*v. Calculate p(v).
5
Let u(a) = 0 + 4 - 3 - a**2. Let q(o) = -3*o**2 + 48*o + 47. Let s be q(17). Give u(s).
-15
Let r(w) = -w**3 - 14*w**2 - 12*w + 15. Let m = 4150 + -4163. Determine r(m).
2
Let q(w) = -w**3 + 4*w**2 - 6*w. Let z be (-216)/189*(-14)/(-12)*-3. What is q(z)?
-24
Let a(i) = 2*i - 1. Let c(s) = 6*s**2 - 6*s - 4. Let b be c(-2). Suppose 0*v = -4*v + b. Suppose -2*j = -4*h + v, -j = -5*h + 3*j + 7. Determine a(h).
5
Let o(t) = 8*t**2 - 10. Let n be o(-2). Let k(w) = n + 2*w**2 - 51 + w + 29. Calculate k(1).
3
Let c(s) = -s**3 + s**2 - 2*s + 1. Suppose 0 = 5*y + h - 12, 0 = -1401*y + 1399*y + 2*h - 12. Determine c(y).
-1
Suppose -10 = -98*z + 88*z. Let o(c) = -7*c**3 + 7*c**2 - 3*c - 7. Let u(i) = 10*i**3 - 11*i**2 + 5*i + 11. Let p(q) = -8*o(q) - 5*u(q). Give p(z).
5
Let a(j) = -20*j**3 - 47*j**2 - 7*j - 21. Let t(u) = 7*u**3 + 16*u**2 + 2*u + 7. Let w(b) = -6*a(b) - 17*t(b). Give w(-9).
16
Let a(g) = g**2 + 5*g - 5. Let o be (1*-2)/((-6)/9). Suppose 555*s + 34 = 572*s. Suppose 2*j + s*f + 28 = 6*f, -3*j = -o*f + 30. Calculate a(j).
1
Let j(z) = z - 1. Let g(u) = -u - 12*u + 6 + 6*u. Let f(l) = -g(l) - 6*j(l). Suppose y - 1 = m, -5*m = 5*y - 18 - 37. Calculate f(y).
6
Let f(o) = 3*o - 12. Let p be 5220/(-84) - 2/(-28)*2. Let v = -59 - p. Suppose -7*j + v*j + 32 = 0. What is f(j)?
12
Let j(v) be the first derivative of 1/2*v**2 - 3 - 1/8*v**4 - 5/6*v**3 + 0*v. Let i(x) be the second derivative of j(x). Determine i(-4).
7
Let r(a) = 8*a - 3. Let b be r(2). Suppose -b = 5*t + 2. Let n be